2). List the prime factors of 18/l*(-4)/s.
3
Let v = 200 + -157. What are the prime factors of v?
43
Suppose -3*c - c = -20. Suppose 0 = -2*p + p + c. Suppose -4*a - p*n = -35, -2*a + 0*a = -3*n - 23. What are the prime factors of a?
2, 5
Let x(d) = -d + 5. Let v be x(5). What are the prime factors of v + 0 + 1*15?
3, 5
Suppose -7*s + 2*s = -220. List the prime factors of s.
2, 11
Suppose 2*a = l + 7*a + 12, 2*a + 2 = l. What are the prime factors of (-6)/4*1*l?
3
Suppose -5*k + 376 = 3*i - 139, -3*i + 5*k = -505. What are the prime factors of i?
2, 5, 17
Let q(b) = b - 9. Let f be q(11). List the prime factors of (-4)/(0 + f) - -7.
5
Let g(b) = 3*b - 7. Let a(y) = -y**2 + 5*y + 1. Let u be a(4). Let d be g(u). List the prime factors of (-2)/8 - (-98)/d.
2, 3
Let l = 11 + -12. Let w = 22 - l. What are the prime factors of w?
23
List the prime factors of (186/(-12))/((-2)/4).
31
Let i = -1 - -11. List the prime factors of i.
2, 5
Let o(h) = 4*h - 10. Let g(j) = j - 3. Let f(y) = 7*g(y) - 2*o(y). Let x be -3 + 2 + (-1 - 1). List the prime factors of f(x).
2
Suppose -3*n - 12 = -4*w, -3*w + 19 = 2*n - 7. Suppose -2*d - w = -h + d, 0 = h - 4*d - 8. Suppose h = -3*i - 2*i + 60. What are the prime factors of i?
2, 3
Suppose -2 = -2*n - q, -4*n - 5*q - 14 = -2*n. Suppose 4*v = 8*v - n*s - 23, 5*v - 20 = -5*s. List the prime factors of v.
5
Let j = 101 + -32. What are the prime factors of j?
3, 23
Let k = 8 + -1. Let j(d) = 5*d - 8. What are the prime factors of j(k)?
3
Suppose -5*x = -x - 8. List the prime factors of x.
2
What are the prime factors of 2095/15 - (3 - (-10)/(-3))?
2, 5, 7
What are the prime factors of 188 + (-4)/(20/(-15))?
191
Suppose -8 = 2*z - 2, 12 = 3*f + 5*z. What are the prime factors of f?
3
Suppose 2*m + 0 = -8. Let p = m + 12. List the prime factors of (-200)/(-14) + p/(-28).
2, 7
Suppose 24 = -2*v - 2*v. Let r(c) = c**2 - 2*c - 7. What are the prime factors of r(v)?
41
Suppose 0 = -5*o + 5*v - 15, 2*o + 0*o + 5*v = 15. Let r(f) = -f + 29. List the prime factors of r(o).
29
Suppose 5*u - 31 = 2*g + 10, 0 = u + 4*g + 5. Let i = u + -3. List the prime factors of i.
2
Let y(m) = -m**2 - 7*m + 6. What are the prime factors of y(-7)?
2, 3
Suppose -7*i - 4 = 3. Let h(v) = v**3 - 2*v**2 - v. Let g be h(2). What are the prime factors of (-11)/(i + 0) - g?
13
List the prime factors of -4 - 8/(-4) - -28.
2, 13
Suppose -9*r + 434 = -520. List the prime factors of r.
2, 53
What are the prime factors of (-856)/(-36) + (-4)/(-18)?
2, 3
Suppose -3*f + 621 = 3*k, 0*f = -4*k - 3*f + 833. What are the prime factors of k?
2, 53
Let y(f) = 26*f - 55. What are the prime factors of y(7)?
127
Let j = 19 + -16. Let p(a) = -a**3 + 5*a**2 - 3. List the prime factors of p(j).
3, 5
Suppose -4*q + 9 = -q. Suppose 2*l + 45 = q*l. Suppose 4*n - l = -n. List the prime factors of n.
3
Suppose 0 = -2*f, 0 = 5*u + 4*f - 13 + 3. Suppose -u*o - 5*v + 0 = 3, 2*o - 4*v = 42. What are the prime factors of o?
11
Suppose -10 = d - 3*d. Let u = -82 + 119. Suppose -d*j = -u + 2. What are the prime factors of j?
7
Let o = -4 + 2. List the prime factors of ((-1)/3)/(o/102).
17
Let t be 5/((-15)/(-6))*2. Let y(z) = z**3 - 3*z**2 - z + 5. List the prime factors of y(t).
17
Suppose -3*i = 12, 3*l + 0*i - 92 = -4*i. List the prime factors of l.
2, 3
Suppose -b + 0 - 11 = -4*f, 0 = -b + f + 1. List the prime factors of b.
5
Let l = -42 + 75. List the prime factors of l.
3, 11
Let q be (-935)/(-35) - 2/(-7). Suppose d = -2*d + q. List the prime factors of d.
3
Let j(i) = -i**2 + 2*i + 1. Let l be j(-1). Let q be -1 + 1*15 + l. Let z = q - 0. What are the prime factors of z?
2, 3
Suppose 6*v - 4*v + 44 = o, 2*o + 4*v - 104 = 0. Suppose -a + o = 3*a. List the prime factors of a.
2, 3
Suppose -3*l + 94 = -5*o - 5*l, 0 = 3*o - 5*l + 75. Let u = o - -32. List the prime factors of u.
2, 3
Suppose -2*v = -4 - 4. Let q = v + 1. Suppose 4*m + 8 = 4*l, 7*l - 5*l + q*m - 11 = 0. List the prime factors of l.
3
Let v = 62 + -28. List the prime factors of v.
2, 17
Let k(m) = 3*m**2 - 3 + 5*m + m**3 + 4*m**2 + 5. What are the prime factors of k(-6)?
2
Suppose 10 = 4*c - 218. List the prime factors of c.
3, 19
Let j = 4 - -20. List the prime factors of j.
2, 3
Let b(t) = -24*t**3 + 0*t - 4*t**2 + 2*t**2 + t**2 - 2*t - 1. Let h be b(-1). What are the prime factors of (h/14)/(2/14)?
2, 3
Suppose -155 = -6*y + y. Suppose -2*m + 31 = 3*g - 29, 3*m = 2*g - 40. Let u = y - g. What are the prime factors of u?
11
Suppose 300 + 12 = 4*c + 4*y, -y - 322 = -4*c. Suppose t + c = 6*t. What are the prime factors of t?
2
Suppose 0 = 2*q + s - 135, 0 = -2*s - 3*s - 5. What are the prime factors of q?
2, 17
Suppose 72 = 2*i - 52. What are the prime factors of i?
2, 31
Let p(l) = -l**2 + 10*l + 11. What are the prime factors of p(6)?
5, 7
Suppose -c - 3*c = -120. List the prime factors of -2 + (c*1)/3.
2
Let b(o) = -o**3 - 7*o**2 - o - 1. What are the prime factors of b(-7)?
2, 3
Suppose 0 = 2*f - 0 - 4. Let b = 20 + f. What are the prime factors of b?
2, 11
Let l = 3 + -22. Suppose 0 = -8*b - 16 - 24. Let t = b - l. What are the prime factors of t?
2, 7
Let t(s) = -s**3 - 5*s**2 - 5*s + 1. Let b = -13 + 8. Let z be t(b). Suppose -6*a - 4*c = -7*a + z, -3*c - 62 = -5*a. What are the prime factors of a?
2, 5
Let t = -38 + 60. Suppose t = -3*j + 2*i, 3*j + 5*i = 2 - 10. Let f = -2 - j. List the prime factors of f.
2
Let s(t) = 2*t**3 + t**2 - t. Let p be s(1). Suppose -2*h - 12 = -6*h. Suppose 8*r - 3*r = h*o - 32, p*r = 5*o - 28. List the prime factors of o.
2
Suppose 2*g + 2*v - 41 = -v, 0 = -2*g - 5*v + 43. List the prime factors of g.
19
Suppose -2*p = -4*x - 362, 3*x + 49 + 312 = 2*p. Suppose 0 = -5*m + p - 9. What are the prime factors of m?
2, 17
Let s(a) = 2*a. Let j be s(1). List the prime factors of (-2142)/(-49) - j/(-7).
2, 11
Suppose -a + 5*a + 5*i - 26 = 0, -5*i + 18 = 2*a. Suppose -a*v + 12 + 4 = 0. Suppose v*h + 36 - 100 = 0. What are the prime factors of h?
2
Let t = -1 + 2. Let u = t + 30. What are the prime factors of u?
31
Let i = 159 - 53. What are the prime factors of i?
2, 53
Let f(i) be the second derivative of -2*i**3/3 + i**2 + 8*i. What are the prime factors of f(-4)?
2, 3
Let i = -9 - -25. List the prime factors of i.
2
What are the prime factors of 1 + (-3)/5 + 344/40?
3
Let l(p) = p + 9. Let y be l(-5). Suppose 0 = z - 0*z - y. Suppose 0 = 2*j - 28 + z. What are the prime factors of j?
2, 3
List the prime factors of ((-295)/(-3) - 28/(-42)) + 0.
3, 11
Suppose x + 0*h + 5*h - 12 = 0, -4*x + 4*h = -24. Let a = x + -13. Let w = a + 15. List the prime factors of w.
3
List the prime factors of 27 + 0 + 2 - -3.
2
Suppose -2*i + t + 3*t - 4 = 0, -10 = -4*i + 2*t. Suppose -2 = -4*v - 6. Let c = v + i. List the prime factors of c.
3
List the prime factors of ((-135)/(-6))/(-3)*(7 - 23).
2, 3, 5
Suppose 5*h = 2 + 33. What are the prime factors of h?
7
Let m(d) = -d**3 + 6*d**2 - 4*d + 3. Let q be m(4). Suppose 0*z - z + q = 0. Suppose 0 = -4*i + 13 + z. What are the prime factors of i?
2
Suppose 0 = -5*o + 3*o - 120. Suppose 21 = -b - 21. Let j = b - o. What are the prime factors of j?
2, 3
Let f(k) = 102*k**2 - k. List the prime factors of f(-1).
103
Let b be (-33)/(-7) + (-4)/(-14). Suppose -3*c = 4*p - 33 - 10, -b*c = 15. What are the prime factors of p?
13
Let u = -3 + 1. Let j(r) = r**3 + 4*r**2 + 2. List the prime factors of j(u).
2, 5
Let w = 7 - -17. What are the prime factors of (-4 + w - 4) + -2?
2, 7
Suppose 2*f - 2*d = -69 + 273, 5 = 5*d. List the prime factors of f.
103
Let r be ((-15)/(-6) - 2)*2. Suppose -2*y + 7 = -r. Suppose 0 = 5*v + h - 22, -y = 3*v + 5*h - 26. List the prime factors of v.
2
Suppose -9*z + 63 = -6*z. What are the prime factors of z?
3, 7
Let b(j) = 2*j**2 - 7*j + 4. Let p(t) = -t - 4. Let a be p(-10). Let v be b(a). Suppose 2*y = -2*d + v, d = 4*y + 2*d - 59. What are the prime factors of y?
2, 7
Let m = 6 + 2. Suppose m + 25 = 3*n. What are the prime factors of n?
11
Let o(k) = 5*k**3 - k**2 - k + 15. Let b(n) = -14*n**3 + 3*n**2 + 3*n - 45. Let v(j) = -6*b(j) - 17*o(j). What are the prime factors of v(0)?
3, 5
Suppose f = -2*s + 9, -4*f - 4*s = -34 - 14. Let w = f - 6. What are the prime factors of w?
3
Suppose 0 = 4*i + i. Let r(y) = y - 2. Let a be